r when 1251 is divided by 2/4*(14 + -6)*(-19)/(-2).
35
Suppose 97*h - 91*h - 66 = 0. Suppose 71*k - 76*k + 190 = 0. What is the remainder when k is divided by h?
5
Let c = -247 - -264. Suppose j - c = -2*j + 2*t, 3*j - 4*t = 13. Calculate the remainder when 12 is divided by j.
5
Suppose -784 = 3*n - 7*n - 12*n. Calculate the remainder when 18569 is divided by n.
47
Suppose 0 = 210*q - 952 - 1148. Calculate the remainder when 6719 is divided by q.
9
Let u be 4 + (-21)/5 - (-1206)/5. Calculate the remainder when 92 is divided by (-48)/(-216) - u/(-9).
11
Let g(a) = 21*a**2 - 111*a + 17. What is the remainder when g(9) is divided by 12?
11
Let u(g) = 3*g**2 - 4*g - 7. Let v = 10 + -7. What is the remainder when 29 is divided by u(v)?
5
Let r(a) = 11*a**2 - 28*a - 174. What is the remainder when 759 is divided by r(-5)?
36
Let b be 2*-292*7/14. Let z = b - -325. What is the remainder when z is divided by 18?
15
Suppose 2*a + 12 = -0*a. Suppose 293*n - 14288 = -459*n. Calculate the remainder when n is divided by (-33)/a - 2/4.
4
Suppose 5*j - 998 = -2913. Let r = 660 + j. What is the remainder when r is divided by 35?
32
Let n = -250 - -266. What is the remainder when (-3336)/(-40) - (-2)/(-5) is divided by ((n/40)/(2/280))/2?
27
Let m(s) = 44*s**2 - 43*s - 1259. Calculate the remainder when m(-11) is divided by 11.
6
What is the remainder when (91 + -13)/(-5 + (-11)/(-2)) is divided by 80?
76
Let v = 2996 - 2886. Let l = -4 - -41. What is the remainder when v is divided by l?
36
Let v(q) = 5*q**2 + 29*q - 63. Let g(u) = u**2. Let l(p) = 6*g(p) - v(p). What is the remainder when 244 is divided by l(28)?
34
Let s be (-8)/16 + 25/2. Calculate the remainder when (-4)/s*-1*87 is divided by (-10 + -2)*(-2)/3.
5
Let g(z) = z**3 - 72*z**2 + 342*z - 17. What is the remainder when g(67) is divided by 22?
12
Let s = -5784 - -7578. What is the remainder when s is divided by 29?
25
Suppose -2*f = 8, -146*f + 143 = 5*z - 143*f. Calculate the remainder when 1670 is divided by z.
27
Calculate the remainder when (-18)/(-108)*-1 - 283/(-6) is divided by 1/(3 + (-42)/15).
2
Let b(z) be the third derivative of 7*z**4/12 - 7*z**3/3 + 42*z**2. What is the remainder when b(7) is divided by 43?
41
Calculate the remainder when (-8)/(64/135060)*(-2)/(-6)*-2 is divided by 42.
41
Suppose 4*l - 1638 = -338. Suppose 0 = -4*k + d + 640, 4*k = -d + 60 + 588. Calculate the remainder when l is divided by k.
3
Suppose -4*g + 380 = -4*t, 63*g - 2*t = 58*g + 463. Calculate the remainder when 298 is divided by g.
25
Let f(s) = 8*s**3 + 4*s + 29. Calculate the remainder when f(4) is divided by 550.
7
Let a be 0 + -5 + 20 + -7. Let s(v) = v**3 - 12*v**2 + 32*v + 12. What is the remainder when 34 is divided by s(a)?
10
Let u be (-27)/(-2)*184/(-12)*1. Let z = u - -219. Calculate the remainder when 31 is divided by z.
7
Suppose -2*z = 3*i + 356, -4*z + 2*i = -z + 547. Let y = z + 190. What is the remainder when 70 is divided by y?
7
Suppose q - 23 = 6*y, 10*y = -4*q + 11*y + 69. Let z be (-42)/4*(-8)/6. Calculate the remainder when (-7)/(z/(-4)) - -46 is divided by q.
14
Let j(f) = -5*f**2 - 5*f + 4. Let b(l) = -8*l**2 - 8*l + 8. Let k(z) = 3*b(z) - 5*j(z). Calculate the remainder when k(-9) is divided by 4.
0
Let c = -542 - -199. Let k = c + 395. Calculate the remainder when 725 is divided by k.
49
Let h(d) = -d**3 + 6*d**2 - d - 9. Let q be h(4). Suppose 0 = -g + 3*n + 16 + 13, 0 = -g + 5*n + q. What is the remainder when 482 is divided by g?
42
Let g be (-152)/10*(-40)/(-16) - -3. What is the remainder when 10 is divided by (-2*(-10)/g)/((-1)/7)?
2
Let z = 117 + -104. Suppose -z*u + 503 = -1733. Calculate the remainder when u is divided by 22.
18
Suppose -1711*x - 18988 = -2147*x + 148000. Suppose 0 = -2*m + 3 + 107. Calculate the remainder when x is divided by m.
53
Let g(t) = -t**3 - 51*t**2 - 186*t + 127. Let w(y) = 32*y**2 + 1. What is the remainder when w(2) is divided by g(-47)?
30
Let o be ((-3)/6)/(-1) - (-21)/(-14). Let u(n) = -19*n - 1. Let t be u(o). What is the remainder when 15 is divided by 6/t - 23/(-3)?
7
Let v(s) = 101*s**2 + 3*s + 1. Let q be v(1). Let r = q + -37. What is the remainder when r is divided by 12?
8
Let q(f) = 18*f - 1. Let d be 3 + (32/(-2) - (7 - 2)). Let a(n) = -8*n - 131. What is the remainder when q(2) is divided by a(d)?
9
Let o(i) = -38*i**2 + 33. Let n(w) = -w**3 + 6*w**2 - 6*w + 1. Let m = 8 + -4. What is the remainder when o(0) is divided by n(m)?
6
Suppose -3*l = -l - 598. Suppose l = 6*k - 943. Calculate the remainder when k is divided by 19.
17
Let l(b) = 5*b - 29. Suppose 9 + 8 = m. Let u be l(m). Let h = -25 + u. Calculate the remainder when h is divided by 17.
14
Suppose c - 5*c - 8 = 0, -16 = -4*u + 2*c. Suppose u*r - 169 = 4*z, 3*r - 67 = 2*r + 4*z. Let b = -1276 + 1285. Calculate the remainder when r is divided by b.
6
Let d(g) = 7*g**3 - 202*g**2 - 16*g - 132. What is the remainder when 1749 is divided by d(29)?
34
Let a(q) = 67*q - 3114. Calculate the remainder when a(62) is divided by 58.
54
Suppose 0 = 2*x - x. Suppose h + 1441 - 1509 = 0. Calculate the remainder when h is divided by 72/3 + x - 0.
20
Suppose -6241 = -18*k - 5737. Calculate the remainder when 1950 is divided by k.
18
Let m be (7 - (-6)/1) + (0 - -2). Let x be (2/(-6))/((-7)/252). Let j = x + m. What is the remainder when j is divided by 5?
2
Suppose n + 33 = -3*g + 247, -6 = 3*n. Suppose 0 = -14*q + 23*q - g. What is the remainder when 156 is divided by q?
4
Let f(p) = -6*p**2 - 778*p + 343. Suppose -2*w + 3*d + 2 = -25, 5*d = -5*w + 105. What is the remainder when f(-130) is divided by w?
11
Let h(d) = -233*d + 1076. Let n be h(5). Suppose -3*m - 326 = -2*q, -m + 804 = 5*q - 3*m. Let y = q + n. What is the remainder when y is divided by 38?
33
Let u(p) be the second derivative of -p**5/20 + 5*p**4/12 + 2*p**3/3 - 3*p**2/2 - 17*p. Calculate the remainder when 28 is divided by u(5).
11
Let u(x) = -18*x + 15. Let z(p) = 53*p - 46. Let j(o) = -11*u(o) - 4*z(o). Let m be j(7). Let a = -42 - m. What is the remainder when a is divided by 13?
11
Let f = 85 + -87. Let o(a) = a**3 + a**2 - 2*a - 1. Let d be o(f). Let g(x) = -88*x**3 - 2*x**2 + 1. Calculate the remainder when g(d) is divided by 45.
42
Let y be (-6)/27 - (1 + 2740/(-18)). Let p = y + -102. Calculate the remainder when p is divided by 29.
20
Suppose -170*p = -182*p + 48. Suppose -1421 = p*o - 11*o. What is the remainder when o is divided by 26?
21
Calculate the remainder when ((-1064)/(-95))/(38/2565) is divided by 264.
228
Let i(k) = -k**3 + 68*k**2 + 10*k - 68. Calculate the remainder when i(68) is divided by 41.
38
Suppose -2*o + 4*v = -28, 2 = o - v - 8. Let f = o - -23. Calculate the remainder when (-3)/2*(-31)/((-4650)/(-9700)) is divided by f.
10
Let k(q) = q + 3. Let n be k(-4). Let j = 306727 - 306716. What is the remainder when (-1)/((n/(-29))/(-1)) is divided by j?
7
Suppose z + 4*c = -13, 4*z = -6*c + 9*c + 43. What is the remainder when 510 is divided by z?
6
Let a be 4/2 - (3 - 18) - 2. Suppose -4*l = l - a. Suppose l*o - 13 = 158. What is the remainder when o is divided by 10?
7
Suppose -v + 128 = v. Suppose 3*k - 100 = -160. What is the remainder when v is divided by ((-88)/k)/((-1)/(-5))?
20
Let g(p) = -10*p - 164. What is the remainder when g(-37) is divided by 2/13 - 1790/(-26)?
68
Let u be -4 + (-6)/(30/(-35)). Suppose -2*g - 330 = -5*o, -o - 5*g = -u*o + 153. What is the remainder when o is divided by 7?
1
Let g(t) = -t + 9. Let u be g(9). Suppose 2*b - 5*p + 6 = 0, 5*b = 3*p - u*p + 4. Suppose 66 = -b*f + 5*f. What is the remainder when f is divided by 13?
9
Let i = -1894 + 1934. Suppose 239 = 3*k + 2*z, -188 + 46 = -2*k + 3*z. Calculate the remainder when k is divided by i.
37
Let h(l) = -2*l**2 - 28*l - 67. Let x be 45/(-54) + 49/(-6). Calculate the remainder when 40 is divided by h(x).
17
Let z be 33/22*(-16)/(-6) - 4. Suppose 4*a - 5*i - 4 = z, -5*a + 14 = 3*i - 7*i. What is the remainder when 41 is divided by a?
5
Let l(z) = 7*z - 12. Let v = 62 - 118. Let r = 59 + v. What is the remainder when 53 is divided by l(r)?
8
Let s(b) = 336*b + 5091. What is the remainder when 7547 is divided by s(-15)?
50
Suppose -2*m = 6, -276 + 17 = -5*d - 2*m. Let k(x) = 8*x + 3. Suppose 212*b - 217